{"id":6945,"date":"2023-03-18T14:52:54","date_gmt":"2023-03-18T13:52:54","guid":{"rendered":"https:\/\/www.scapeler.com\/?page_id=6945"},"modified":"2023-03-18T14:54:02","modified_gmt":"2023-03-18T13:54:02","slug":"aprisensor-op-samenmeten-portaal","status":"publish","type":"page","link":"https:\/\/www.scapeler.com\/index.php\/aprisensor-op-samenmeten-portaal\/","title":{"rendered":"ApriSensor op Samenmeten-dataportaal"},"content":{"rendered":"<p>Op het Samenmeten-dataportaal van het RIVM worden meerdere meetsystemen samengebracht waaronder die van Scapeler met de ApriSensor.<\/p>\n<p>Het Samenmeten-dataportaal is hier te vinden: <a href=\"https:\/\/samenmeten.rivm.nl\/dataportaal\/\">https:\/\/samenmeten.rivm.nl\/dataportaal\/<\/a><\/p>\n<p>De ApriSensor sensorkits zijn te herkennen aan de identificatie welke begint met &#8220;SCL_&#8221; (Scapeler). Hieronder een voorbeeld &#8220;SCL_ApriSensor_27E8-pmsa003&#8221;. De code &#8220;27E8&#8221; is de code van de sensorkit. Door de stip op de kaart aan te klikken zijn de meetresultaten op te vragen. Op het portaal zijn de meetresultaten te zien als gemiddelde waarde van een geheel uur.<\/p>\n<p><img loading=\"lazy\" decoding=\"async\" class=\"size-medium wp-image-6948 aligncenter\" src=\"https:\/\/www.scapeler.com\/wp-content\/uploads\/2023\/03\/Schermafdruk-van-2023-03-17-10-40-13-300x184.png\" alt=\"\" width=\"300\" height=\"184\" srcset=\"https:\/\/www.scapeler.com\/wp-content\/uploads\/2023\/03\/Schermafdruk-van-2023-03-17-10-40-13-300x184.png 300w, https:\/\/www.scapeler.com\/wp-content\/uploads\/2023\/03\/Schermafdruk-van-2023-03-17-10-40-13-768x470.png 768w, https:\/\/www.scapeler.com\/wp-content\/uploads\/2023\/03\/Schermafdruk-van-2023-03-17-10-40-13-696x426.png 696w, https:\/\/www.scapeler.com\/wp-content\/uploads\/2023\/03\/Schermafdruk-van-2023-03-17-10-40-13-600x367.png 600w, https:\/\/www.scapeler.com\/wp-content\/uploads\/2023\/03\/Schermafdruk-van-2023-03-17-10-40-13.png 1013w\" sizes=\"auto, (max-width: 300px) 100vw, 300px\" \/><\/p>\n<p><img loading=\"lazy\" decoding=\"async\" class=\"size-medium wp-image-6949 aligncenter\" src=\"https:\/\/www.scapeler.com\/wp-content\/uploads\/2023\/03\/Schermafdruk-van-2023-03-17-10-51-33-300x126.png\" alt=\"\" width=\"300\" height=\"126\" srcset=\"https:\/\/www.scapeler.com\/wp-content\/uploads\/2023\/03\/Schermafdruk-van-2023-03-17-10-51-33-300x126.png 300w, https:\/\/www.scapeler.com\/wp-content\/uploads\/2023\/03\/Schermafdruk-van-2023-03-17-10-51-33-1024x431.png 1024w, https:\/\/www.scapeler.com\/wp-content\/uploads\/2023\/03\/Schermafdruk-van-2023-03-17-10-51-33-768x323.png 768w, https:\/\/www.scapeler.com\/wp-content\/uploads\/2023\/03\/Schermafdruk-van-2023-03-17-10-51-33-1536x646.png 1536w, https:\/\/www.scapeler.com\/wp-content\/uploads\/2023\/03\/Schermafdruk-van-2023-03-17-10-51-33-696x293.png 696w, https:\/\/www.scapeler.com\/wp-content\/uploads\/2023\/03\/Schermafdruk-van-2023-03-17-10-51-33-1392x585.png 1392w, https:\/\/www.scapeler.com\/wp-content\/uploads\/2023\/03\/Schermafdruk-van-2023-03-17-10-51-33-1068x449.png 1068w, https:\/\/www.scapeler.com\/wp-content\/uploads\/2023\/03\/Schermafdruk-van-2023-03-17-10-51-33-600x252.png 600w, https:\/\/www.scapeler.com\/wp-content\/uploads\/2023\/03\/Schermafdruk-van-2023-03-17-10-51-33.png 1767w\" sizes=\"auto, (max-width: 300px) 100vw, 300px\" \/><\/p>\n<h1>Co\u00f6rdinaten en privacy en gebruik van de data<\/h1>\n<p>Als u wilt dat ook uw ApriSensor sensorkit op het Samenmeten-dataportaal wordt getoond, overweeg dan vooraf of u de locatie van uw sensorkit wel openbaar wilt maken. Alhoewel het RIVM de co\u00f6rdinaten van de locatie bij elke bevraging iets zal wijzigen (random), komt de locatie toch meer in beeld dan de normale aanduiding via de grafieken op de website van Scapeler.<\/p>\n<p>Als u het vervelend vindt om uw locatie te openbaren, dan kunt u er ook voor kiezen om een minder exacte plek aan te wijzen, bijvoorbeeld binnen een straal van 100-150 meter. Heeft u twijfels, doe het dan niet.<\/p>\n<p>Het RIVM gebruikt uw data. Meer informatie is hier te vinden:&nbsp; <a href=\"https:\/\/samenmeten.nl\/data-delen-door-organisaties\" target=\"_blank\" rel=\"noopener\">https:\/\/samenmeten.nl\/data-delen-door-organisaties<\/a><\/p>\n<h1>Uw ApriSensor sensorkit ook op het portaal?<\/h1>\n<p>Heeft u zelf een ApriSensor sensorkit en wilt u uw resultaten terugzien op het portaal? Stuur dan een verzoek per e-mail naar info@scapeler.com en geef daarbij het volgende aan:<\/p>\n<ul>\n<li>Het ID van de sensorkit &#8211; bijvoorbeeld &#8220;27E8&#8221;<\/li>\n<li>De co\u00f6rdinaten van de locatie &#8211; bijvoorbeeld &#8220;52.5001, 4.9592&#8221;<\/li>\n<li>Dat u toestemming geeft de co\u00f6rdinaten van de locatie en data te laten gebruiken door het RIVM<\/li>\n<\/ul>\n<h1>Co\u00f6rdinaten van de sensorkit bepalen<\/h1>\n<p>Start Google Maps: <a href=\"https:\/\/www.google.nl\/maps\" target=\"_blank\" rel=\"noopener\">https:\/\/www.google.nl\/maps<\/a><\/p>\n<p>Zoom in op de locatie en klik in de kaart op de plek welke u wilt gebruiken. Een pop-up-venster verschijnt met daarin de co\u00f6rdinaten van de aangewezen plek (op uw mobiele telefoon verschijnen de co\u00f6rdinaten bovenin het scherm). Neem de co\u00f6rdinaten (combinatie van twee getallen) over tot maximaal 4 cijfers achter de punt. Bij onderstaand voorbeeld wordt dat dan: &#8220;52.5001, 4.9592&#8221;. Door deze co\u00f6rdinaten in het zoekvenster van Google Maps te plaatsen en daarmee te zoeken kunt u controleren of de opgegeven plek de juiste is.<\/p>\n<p><img loading=\"lazy\" decoding=\"async\" class=\"aligncenter wp-image-6950 size-full\" src=\"https:\/\/www.scapeler.com\/wp-content\/uploads\/2023\/03\/Schermafdruk-van-2023-03-17-11-05-34.png\" alt=\"\" width=\"535\" height=\"325\" srcset=\"https:\/\/www.scapeler.com\/wp-content\/uploads\/2023\/03\/Schermafdruk-van-2023-03-17-11-05-34.png 535w, https:\/\/www.scapeler.com\/wp-content\/uploads\/2023\/03\/Schermafdruk-van-2023-03-17-11-05-34-300x182.png 300w\" sizes=\"auto, (max-width: 535px) 100vw, 535px\" \/><\/p>\n","protected":false},"excerpt":{"rendered":"<p>Op het Samenmeten-dataportaal van het RIVM worden meerdere meetsystemen samengebracht waaronder die van Scapeler met de ApriSensor. Het Samenmeten-dataportaal is hier te vinden: https:\/\/samenmeten.rivm.nl\/dataportaal\/ De ApriSensor sensorkits zijn te herkennen aan de identificatie welke begint met &#8220;SCL_&#8221; (Scapeler). Hieronder een voorbeeld &#8220;SCL_ApriSensor_27E8-pmsa003&#8221;. De code &#8220;27E8&#8221; is de code van de sensorkit. Door de stip op [&hellip;]<\/p>\n","protected":false},"author":1,"featured_media":0,"parent":0,"menu_order":0,"comment_status":"closed","ping_status":"closed","template":"","meta":{"iawp_total_views":98,"footnotes":""},"class_list":["post-6945","page","type-page","status-publish"],"post_mailing_queue_ids":[],"_links":{"self":[{"href":"https:\/\/www.scapeler.com\/index.php\/wp-json\/wp\/v2\/pages\/6945","targetHints":{"allow":["GET"]}}],"collection":[{"href":"https:\/\/www.scapeler.com\/index.php\/wp-json\/wp\/v2\/pages"}],"about":[{"href":"https:\/\/www.scapeler.com\/index.php\/wp-json\/wp\/v2\/types\/page"}],"author":[{"embeddable":true,"href":"https:\/\/www.scapeler.com\/index.php\/wp-json\/wp\/v2\/users\/1"}],"replies":[{"embeddable":true,"href":"https:\/\/www.scapeler.com\/index.php\/wp-json\/wp\/v2\/comments?post=6945"}],"version-history":[{"count":4,"href":"https:\/\/www.scapeler.com\/index.php\/wp-json\/wp\/v2\/pages\/6945\/revisions"}],"predecessor-version":[{"id":6955,"href":"https:\/\/www.scapeler.com\/index.php\/wp-json\/wp\/v2\/pages\/6945\/revisions\/6955"}],"wp:attachment":[{"href":"https:\/\/www.scapeler.com\/index.php\/wp-json\/wp\/v2\/media?parent=6945"}],"curies":[{"name":"wp","href":"https:\/\/api.w.org\/{rel}","templated":true}]}}